r of 3977160 and 8184?
264
Calculate the greatest common factor of 32143680 and 1800.
360
Calculate the greatest common divisor of 95725 and 102444895.
19145
Calculate the greatest common divisor of 7224803 and 417.
139
What is the highest common factor of 268454295 and 15?
15
Calculate the greatest common divisor of 1891339 and 344519.
7031
Calculate the highest common divisor of 65968 and 1156568.
1064
What is the greatest common factor of 3507835 and 334?
167
What is the greatest common divisor of 1466135 and 8303?
437
Calculate the greatest common divisor of 163 and 5586988.
163
Calculate the highest common divisor of 1891900 and 1500.
100
What is the greatest common divisor of 49224237 and 822?
411
What is the highest common factor of 2936 and 185405464?
2936
What is the greatest common factor of 1893861 and 4017?
309
What is the highest common factor of 53890 and 42081750?
3170
What is the highest common factor of 1296384 and 4672?
64
Calculate the highest common divisor of 98048 and 355456.
128
Calculate the greatest common divisor of 2332 and 13022812.
44
Calculate the greatest common divisor of 518220 and 24.
12
Calculate the highest common divisor of 2483 and 17525014.
2483
Calculate the highest common divisor of 4177405 and 10.
5
Calculate the greatest common divisor of 55266575 and 325.
325
What is the greatest common divisor of 21617632 and 288?
32
What is the highest common divisor of 35767 and 20734967?
761
What is the greatest common factor of 38859009 and 1323?
147
Calculate the greatest common divisor of 2475 and 19425450.
825
What is the highest common factor of 24 and 11294184?
24
What is the greatest common divisor of 39567 and 277623?
327
What is the highest common factor of 51 and 80131659?
51
Calculate the highest common divisor of 408861184 and 3584.
512
What is the greatest common factor of 24 and 376530576?
24
What is the highest common factor of 40491382 and 170?
34
Calculate the highest common divisor of 12293 and 7324687.
647
What is the highest common factor of 292430 and 6620?
10
Calculate the greatest common divisor of 43791176 and 144.
8
Calculate the highest common divisor of 7348 and 29893.
167
Calculate the highest common factor of 15643590 and 12336.
1542
What is the greatest common divisor of 65840 and 860778992?
13168
Calculate the highest common factor of 20220808 and 1.
1
Calculate the highest common factor of 66734 and 841800.
122
What is the greatest common factor of 48230177 and 25101?
2789
Calculate the highest common divisor of 702536 and 586771.
137
What is the highest common divisor of 83379761 and 7604?
1901
Calculate the greatest common factor of 887836 and 21452.
692
Calculate the greatest common divisor of 9758 and 230486.
34
Calculate the greatest common factor of 28 and 2046478.
14
Calculate the greatest common divisor of 2054 and 90532.
26
Calculate the highest common factor of 25437390 and 1980.
330
Calculate the greatest common divisor of 48835278 and 144.
18
Calculate the greatest common factor of 16212306 and 11.
11
What is the greatest common divisor of 203388 and 512458?
1994
What is the greatest common factor of 3087 and 22654121?
343
What is the highest common divisor of 3926522 and 2?
2
Calculate the greatest common divisor of 269500 and 735196.
2156
What is the highest common factor of 307315106 and 14?
14
Calculate the greatest common divisor of 16217443 and 99.
11
Calculate the highest common factor of 1594430992 and 14.
14
Calculate the highest common divisor of 336 and 30579808.
112
Calculate the greatest common divisor of 119 and 146763397.
17
What is the highest common factor of 109150763 and 19?
19
Calculate the greatest common divisor of 2144 and 46756486.
134
Calculate the greatest common factor of 112 and 89685680.
112
Calculate the highest common divisor of 23990649 and 30321.
3369
Calculate the highest common factor of 196 and 401092.
4
What is the highest common divisor of 1083360 and 92500?
740
What is the highest common factor of 179164 and 444098?
1906
Calculate the greatest common factor of 21844 and 4144264.
508
Calculate the greatest common divisor of 146 and 229809037.
73
Calculate the greatest common divisor of 105 and 87498579.
21
Calculate the greatest common divisor of 1008783 and 81.
9
Calculate the highest common factor of 10210 and 185580.
10
What is the greatest common factor of 44602171 and 472?
59
Calculate the highest common divisor of 69847646 and 44.
22
What is the highest common factor of 584 and 2082179?
73
What is the highest common factor of 3840 and 239695360?
1280
Calculate the highest common divisor of 149992 and 11556.
4
Calculate the highest common divisor of 78400 and 2154600.
1400
What is the greatest common divisor of 5164 and 170005335?
1291
Calculate the greatest common divisor of 73404397 and 43.
43
What is the highest common factor of 13311 and 837?
27
Calculate the highest common factor of 49 and 107859486.
49
What is the highest common divisor of 109066 and 32982?
46
Calculate the highest common factor of 387879490 and 117027.
13003
What is the greatest common divisor of 682582 and 3182?
86
Calculate the greatest common divisor of 422592 and 39192.
1704
What is the greatest common factor of 7734388 and 1496?
68
What is the greatest common factor of 36504 and 565272?
216
Calculate the greatest common divisor of 23966 and 12370103.
521
Calculate the greatest common factor of 14 and 2710.
2
Calculate the greatest common divisor of 33217 and 2174869.
563
Calculate the greatest common divisor of 72 and 1970220.
12
Calculate the greatest common divisor of 282560 and 390.
10
Calculate the highest common factor of 312455 and 6721.
143
What is the greatest common factor of 63046164 and 24?
12
What is the greatest common factor of 318 and 4684458?
318
What is the highest common divisor of 9 and 9534915?
9
What is the highest common factor of 16 and 264633536?
16
Calculate the highest common divisor of 1496 and 196159634.
374
What is the greatest common divisor of 12930880 and 1190?
170
Calculate the greatest common factor of 850 and 2704450.
50
What is the highest common divisor of 138496560 and 8?
8
What is the highest common divisor of 998877 and 66?
33
Calculate the highest common factor of 546 and 1947188.
2
What is the highest common divisor of 2074 and 3516833?
61
What is the greatest common factor of 30985539 and 15?
3
Calculate the highest common factor of 260 and 539073548.
52
Calculate the greatest common divisor of 178860 and 74579200.
5420
What is the greatest common factor of 118556 and 22684?
428
Calculate the greatest common divisor of 248 and 1235242616.
248
What is the highest common factor of 660 and 145149620?
220
Calculate the greatest common divisor of 18540 and 24004665.
4635
Calculate the highest common factor of 50 and 154121290.
10
Calculate the highest common factor of 155 and 110212657.
31
What is the greatest common divisor of 13023137 and 226?
113
What is the highest common divisor of 27170 and 2368274?
38
What is the highest common factor of 6015 and 12627315?
15
Calculate the highest common divisor of 4 and 1233383044.
4
Calculate the highest common divisor of 2661 and 2163801907.
887
What is the greatest common divisor of 2945 and 6439860?
95
What is the highest common factor of 76804 and 3357536?
364
What is the greatest common divisor of 65344064 and 208?
16
What is the greatest common divisor of 22971299 and 13?
13
What is the highest common factor of 15792 and 2291673?
141
Calculate the highest common divisor of 1162 and 734467.
83
Calculate the highest common divisor of 55081045 and 6940.
1735
Calculate the highest common divisor of 40059 and 3591.
9
Calculate the greatest common divisor of 106048 and 5159898.
3314
What is the greatest common divisor of 292446 and 339921?
1899
Calculate the highest common factor of 88766117 and 781.
781
Calculate the highest common factor of 155404428 and 4344.
2172
Calculate the greatest common divisor of 480436447 and 509.
509
What is the highest common factor of 486106489 and 146?
73
Calculate the greatest common factor of 430547 and 4797.
13
What is the greatest common factor of 344 and 7517260?
172
What is the greatest common factor of 1078 and 3409546?
14
Wh